ate the remainder when 39 is divided by k.
19
Suppose -5*u + g = -3221, -u - 8*g = -11*g - 633. Calculate the remainder when u is divided by 27.
24
Let l(c) = 62*c**3 - c**2 - 5*c + 5. Calculate the remainder when 790 is divided by l(1).
58
Let u = 335 - 309. What is the remainder when u is divided by (-93)/(-6) + 3/6?
10
Let j(g) = 5*g - 3. Let m be j(12). Let p = m + -37. Suppose d + 2*h = -0*d + 63, p = -5*h. Calculate the remainder when d is divided by 18.
17
Let l(q) = q**3 + 2*q**2 - 2*q. Let p be l(3). Let b = p - 21. What is the remainder when b is divided by (-6)/(-4)*(-20)/(-6)?
3
Suppose -476*t + 96 = -472*t. Calculate the remainder when 60 is divided by t.
12
Let l(y) = 2*y**3 + y**2 + 2*y + 1. Let v be l(-1). Let c be -7 + (4 - 0) - -5*1. What is the remainder when 13 is divided by (3 - c) + v + 5?
1
Let o(m) = 2*m**2 + 8*m + 6. Let r be o(-12). Let u = r + -117. What is the remainder when u is divided by 42?
39
Let j = 6 - -11. Let t(z) = 2*z - 22. Calculate the remainder when 23 is divided by t(j).
11
Suppose -107*g = -104*g - 39. Suppose 18 + 226 = 4*u. Calculate the remainder when u is divided by g.
9
Let g(u) be the third derivative of u**5/60 - 25*u**4/24 + 8*u**3/3 - 32*u**2. What is the remainder when 28 is divided by g(25)?
12
Suppose 3*f + 0*f = 0. Suppose -30 = -y - f*y. Suppose -y = -3*g - 4*b, -25 = -5*g - 3*b + 36. What is the remainder when 54 is divided by g?
12
Suppose -5*k - 4*c = 112, 2*k = 2*c - 25 - 9. Let f = 20 + k. Suppose -3*o + q + 105 = 2*q, o + q - 33 = f. What is the remainder when o is divided by 10?
6
Suppose 7*u - 225 - 391 = 0. Let q = u + -80. Calculate the remainder when q is divided by 5.
3
What is the remainder when 209 is divided by (128/6 + 0)/((-78)/(-117))?
17
Suppose 10 + 0 = 5*t. Suppose 8 = -6*z + t*z. What is the remainder when (-25)/z - 1/(-2) is divided by 3?
1
Let h be (-4)/(-14) - (-3588)/84. Let u = h + -36. What is the remainder when 12 is divided by u?
5
Suppose -115 = u - 4*j, -3*u + 2*j - 277 = 7*j. Let r = -80 - u. What is the remainder when 55 is divided by r?
17
Let q be (((-44)/(-12))/11)/((-2)/(-366)). Suppose 0 = 2*j - 4*f - q - 81, -3*j + 204 = 3*f. Calculate the remainder when j is divided by 4.
1
Let a(l) = -13*l - 606. Calculate the remainder when a(-72) is divided by 66.
0
Let t(y) = -y**2 + 10*y - 12. Let u be 1/(-3 - (-82)/27). Let l = 35 - u. Calculate the remainder when t(l) is divided by 2.
0
Let f = 61 - 51. Let h be ((-10)/(-6))/((-10)/180). What is the remainder when (-12)/h + 426/f is divided by 11?
10
Let v(k) = -9*k - 1. Let j be v(-5). Let n = 58 - j. Calculate the remainder when 55 is divided by n.
13
Suppose 0 = -131*s + 127*s + 168. What is the remainder when s is divided by 14?
0
Let h(u) = -7*u + 4. Let b be h(-3). Suppose -b - 10 = -5*a. What is the remainder when (-1 + 8)*3 - 2 is divided by a?
5
Let a(j) = 2*j**2 + 9*j + 10. Calculate the remainder when a(-13) is divided by 80.
71
Suppose -2*b + s = -962, 2406 = 31*b - 26*b - 3*s. Calculate the remainder when b is divided by 83.
65
Suppose 4*z + 3*b - 290 = 0, 8*z = 6*z - 3*b + 148. Calculate the remainder when z is divided by 12.
11
What is the remainder when 174 is divided by (-2)/(-12) - (1190/(-60) + 12)?
6
Suppose 7*t - 3*t = -8. Let x = t + 2. Calculate the remainder when x + 1 + 14 + -8 is divided by 3.
1
Let f = 3 + 1. Suppose 3*w = 3*q + 36, f*q = w + 8*q - 22. Let x(i) = -14*i + 276. Calculate the remainder when x(18) is divided by w.
10
Let x = 204 + -182. What is the remainder when 57 is divided by x?
13
Suppose -489*k + 483*k = -330. Calculate the remainder when 213 is divided by k.
48
Calculate the remainder when 115 is divided by (-48)/5*10/(-4).
19
Let g(r) = r**2 + r - 4. Let t be g(4). Suppose -h + h = 2*h. Suppose 5*o = z + t, h*o - 2*o = -2*z. Calculate the remainder when 14 is divided by o.
2
Let z(w) = 5*w**2 - 5*w + 4. Let m(k) = -k**2 - 15*k - 22. Let f be m(-13). What is the remainder when z(f) is divided by 11?
9
Let w(f) = -2*f**2 + 28*f - 28. Let l = 35 - 24. What is the remainder when w(12) is divided by l?
9
Suppose 57*z = 55*z + 92. What is the remainder when z is divided by 1?
0
Calculate the remainder when 552 is divided by (-10320)/(-168) - 12/(-21).
56
Let n(o) = o**3 - 13*o**2 + 24*o + 23. Calculate the remainder when n(11) is divided by 32.
13
Let z = -1 - -8. Let t(c) = -26*c + 15*c + 3 - c**2 - 15. Calculate the remainder when t(-4) is divided by z.
2
Let s(i) = -i**2 - 11*i + 10. What is the remainder when s(-4) is divided by 7?
3
Suppose 0 = 5*r - 1329 - 1406. What is the remainder when r is divided by 9?
7
Suppose 3 = -3*b, -b + 0*b - 112 = -3*k. Calculate the remainder when 80/12*(-108)/(-10) + 0 is divided by k.
35
Calculate the remainder when ((-7)/4)/(5/20) + 1601 is divided by 133.
131
Let j = -1629 - -2804. What is the remainder when j is divided by 98?
97
Suppose 3*r - 117 = -h + 2*r, 4*r = 2*h - 240. Calculate the remainder when h is divided by 9/(-27) + (-242)/(-6).
38
Suppose -1 = 5*z + a - 18, z + 2*a = 7. Suppose -4*n + 2*s = 130 - 352, 0 = -z*n - 2*s + 156. What is the remainder when n is divided by 31?
23
Let y(s) = s**3 - 14*s + 9. Calculate the remainder when 49 is divided by y(4).
15
Suppose -96 = -3*t - 5*r + 104, 0 = -3*t + 5*r + 190. Calculate the remainder when 129 is divided by t.
64
Let u = 1924 + -1813. Let b = 25 + -9. What is the remainder when u is divided by b?
15
Calculate the remainder when ((-96)/(-104))/(-6) + 613/13 is divided by 13 + 1/2*-2.
11
Suppose 9*a + 1404 = 61*a. What is the remainder when 28 is divided by a?
1
Suppose 0 = -14*l + 16 + 124. What is the remainder when 17 is divided by l?
7
Let p = -297 - -307. Let r(d) = -2*d**3 - 3*d**2 - 2*d - 2. Calculate the remainder when p is divided by r(-2).
4
Suppose 4*x = -5*m + 66, -2*m + 2*x + 2 = -m. What is the remainder when 68 is divided by m?
8
Let y(l) = -l**3 - 7*l**2 - 7*l + 7. Suppose -5*q + 6 - 36 = 0. Calculate the remainder when y(q) is divided by 4.
1
Let i be 2/4*-2 - -62. Suppose -5*c + 5*k + 40 = 0, -k + i + 3 = 5*c. What is the remainder when 34 is divided by c?
10
Suppose 2*j - k = 0, -j - j - k = 0. Suppose 3*b + j - 51 = 0. Let m(d) = 3*d - 2. Calculate the remainder when b is divided by m(4).
7
Suppose -2 = 2*p, -5*p - 64 - 1 = -5*g. What is the remainder when 95 is divided by g?
11
Suppose 0 = 5*m - 4*o - 93 - 36, -4*o - 4 = 0. Calculate the remainder when 1472 is divided by m.
22
Suppose 2*r = -2 + 8. Suppose -k - 120 = r*k. Let l = k + 62. What is the remainder when 62 is divided by l?
30
Let t = 1142 + -773. What is the remainder when t is divided by 94?
87
Let y = 64 + -74. Calculate the remainder when 30 is divided by (22/(-4))/(5/(y - 0)).
8
Let t(d) = -d**3 - 11*d**2 - 10*d + 11. What is the remainder when 87 is divided by t(-10)?
10
Suppose -5 - 163 = -6*o. What is the remainder when 107 is divided by o?
23
Suppose -4*q + v + 213 = 0, -9*v + 7*v + 210 = 4*q. Calculate the remainder when q is divided by 28.
25
Let l(h) = -h**3 - 4*h**2 - 17. Calculate the remainder when (-2)/(-8) + 417/12 + -7 is divided by l(-5).
4
Let l(b) = -2*b**3 + b**2 - 1. Suppose 0 = 39*n - 35*n - 544. What is the remainder when l(-2) is divided by n/12 + 3/(-9)?
8
Let p be 6/(-14) + (-94)/(-7). Let q = p - 8. Suppose -35 - 40 = -q*a. Calculate the remainder when 55 is divided by a.
10
Suppose 7*i - 974 = 608. What is the remainder when i is divided by 45?
1
Let x = -826 + 1131. What is the remainder when x is divided by 77?
74
Suppose 3*s + 249 = 60. Let b be (-2)/10 - s/15. Suppose -207 + 7 = -b*u. Calculate the remainder when u is divided by 13.
11
Let a = -16 + 20. Suppose -a*r + 48 + 108 = 0. What is the remainder when r is divided by 14?
11
Let k = -614 - -678. Suppose -5*b - z = -2*b - 125, 37 = b - 2*z. Let q = b + -28. Calculate the remainder when k is divided by q.
12
Let t = -34 + 50. Let v = -142 - -170. What is the remainder when v is divided by t?
12
Let m = -43 - -119. Suppose -3*j = -20*j + 442. Calculate the remainder when m is divided by j.
24
Let s = 182 + -66. Let j = s + -44. Calculate the remainder when j is divided by 25.
22
Let o(r) = 3*r**2 - 6*r + 2. Suppose 3*j - 5*g - 10 = 0, -2*j + 14 = j - g. What is the remainder when o(j) is divide